{"id":837,"date":"2017-02-19T11:16:55","date_gmt":"2017-02-19T10:16:55","guid":{"rendered":"http:\/\/fiarse.com\/?page_id=837"},"modified":"2017-03-25T12:58:11","modified_gmt":"2017-03-25T11:58:11","slug":"formacion-2","status":"publish","type":"page","link":"http:\/\/fiarse.com\/?page_id=837","title":{"rendered":"Formaci\u00f3n"},"content":{"rendered":"<p class=\"font_7\">Se ofrecen <strong><span style=\"color: #0000ff;\">talleres y cursos espec\u00edficos<\/span><\/strong> sobre distintas \u00e1reas del mundo del consumo tales como:<\/p>\n<ul class=\"font_7\">\n<li>\n<p class=\"font_7\">\u00a0\u00bfCu\u00e1les son nuestros derechos como consumidores amparados por las Leyes?<\/p>\n<\/li>\n<\/ul>\n<ul class=\"font_7\">\n<li>\n<p class=\"font_7\">Consejos para reclamar: v\u00edas, plazos, respuestas, redacci\u00f3n de la reclamaci\u00f3n o queja y v\u00eda judicial.<\/p>\n<\/li>\n<\/ul>\n<ul class=\"font_7\">\n<li>\n<p class=\"font_7\">Productos\u00a0financieros b\u00e1sicos.<\/p>\n<\/li>\n<\/ul>\n<ul class=\"font_7\">\n<li>\n<p class=\"font_7\">La hipoteca, esa gran desconocida.<\/p>\n<\/li>\n<\/ul>\n<ul class=\"font_7\">\n<li>\n<p class=\"font_7\">Banca on line y compras on line.<\/p>\n<\/li>\n<\/ul>\n<ul class=\"font_7\">\n<li>\n<p class=\"font_7\">Tarjetas financieras.<\/p>\n<\/li>\n<\/ul>\n<ul class=\"font_7\">\n<li>\n<p class=\"font_7\">Listados de morosos y c\u00f3mo salir de ellos.<\/p>\n<\/li>\n<\/ul>\n<ul class=\"font_7\">\n<li>\n<p class=\"font_7\">Productos de ahorro e inversi\u00f3n.<\/p>\n<\/li>\n<li>\n<p class=\"font_7\">Nuestros derechos como usuarios de transporte a\u00e9reo.<\/p>\n<\/li>\n<\/ul>\n<ul class=\"font_7\">\n<li>\n<p class=\"font_7\">Reclamaci\u00f3n extrajudicial. Banco de Espa\u00f1a, CNMV y DG de Planes de \u00a0 \u00a0Pensiones y Seguros.<\/p>\n<\/li>\n<\/ul>\n<ul class=\"font_7\">\n<li>\n<p class=\"font_7\">Contrataci\u00f3n de productos de telecomunicaciones y v\u00edas de reclamaci\u00f3n.<\/p>\n<\/li>\n<\/ul>\n<ul class=\"font_7\">\n<li>\n<p class=\"font_7\">\u00a0C\u00f3mo gestionar nuestro presupuesto b\u00e1sico mensual y anual.<\/p>\n<\/li>\n<\/ul>\n<ul class=\"font_7\">\n<li>\n<p class=\"font_7\">Tratamiento de datos personales.<\/p>\n<\/li>\n<li>Productos financieros complejos. MIFID<\/li>\n<\/ul>\n<p class=\"font_7\">Si deseas obtener m\u00e1s informaci\u00f3n o contratar nuestros servicios, \u00a1Contacta con nosotros!<\/p>\n<p class=\"font_7\"><strong><span style=\"color: #0000ff;\">FORMULARIO DE CONTACTO<\/span><\/strong><\/p>\n<p class=\"font_7\"><div role=\"form\" class=\"wpcf7\" id=\"wpcf7-f777-o1\" lang=\"es-ES\" dir=\"ltr\">\n<div class=\"screen-reader-response\"><p role=\"status\" aria-live=\"polite\" aria-atomic=\"true\"><\/p> <ul><\/ul><\/div>\n<form action=\"\/index.php?rest_route=%2Fwp%2Fv2%2Fpages%2F837#wpcf7-f777-o1\" method=\"post\" class=\"wpcf7-form init\" novalidate=\"novalidate\" data-status=\"init\">\n<div style=\"display: none;\">\n<input type=\"hidden\" name=\"_wpcf7\" value=\"777\" \/>\n<input type=\"hidden\" name=\"_wpcf7_version\" value=\"5.6.4\" \/>\n<input type=\"hidden\" name=\"_wpcf7_locale\" value=\"es_ES\" \/>\n<input type=\"hidden\" name=\"_wpcf7_unit_tag\" value=\"wpcf7-f777-o1\" \/>\n<input type=\"hidden\" name=\"_wpcf7_container_post\" value=\"0\" \/>\n<input type=\"hidden\" name=\"_wpcf7_posted_data_hash\" value=\"\" \/>\n<\/div>\n<p><label> Nombre (requerido)<br \/>\n    <span class=\"wpcf7-form-control-wrap\" data-name=\"your-name\"><input type=\"text\" name=\"your-name\" value=\"\" size=\"40\" class=\"wpcf7-form-control wpcf7-text wpcf7-validates-as-required\" aria-required=\"true\" aria-invalid=\"false\" \/><\/span> <\/label><\/p>\n<p><label> Tu correo electr\u00f3nico (requerido)<br \/>\n    <span class=\"wpcf7-form-control-wrap\" data-name=\"your-email\"><input type=\"email\" name=\"your-email\" value=\"\" size=\"40\" class=\"wpcf7-form-control wpcf7-text wpcf7-email wpcf7-validates-as-required wpcf7-validates-as-email\" aria-required=\"true\" aria-invalid=\"false\" \/><\/span> <\/label><\/p>\n<p><label> Asunto<br \/>\n    <span class=\"wpcf7-form-control-wrap\" data-name=\"your-subject\"><input type=\"text\" name=\"your-subject\" value=\"\" size=\"40\" class=\"wpcf7-form-control wpcf7-text\" aria-invalid=\"false\" \/><\/span> <\/label><\/p>\n<p><label> Mensaje<br \/>\n    <span class=\"wpcf7-form-control-wrap\" data-name=\"your-message\"><textarea name=\"your-message\" cols=\"40\" rows=\"10\" class=\"wpcf7-form-control wpcf7-textarea\" aria-invalid=\"false\"><\/textarea><\/span> <\/label><\/p>\n<p><input type=\"submit\" value=\"Enviar\" class=\"wpcf7-form-control has-spinner wpcf7-submit\" \/><\/p>\n<p style=\"display: none !important;\" class=\"akismet-fields-container\" data-prefix=\"_wpcf7_ak_\"><label>&#916;<textarea name=\"_wpcf7_ak_hp_textarea\" cols=\"45\" rows=\"8\" maxlength=\"100\"><\/textarea><\/label><input type=\"hidden\" id=\"ak_js_1\" name=\"_wpcf7_ak_js\" value=\"173\"\/><script>document.getElementById( \"ak_js_1\" ).setAttribute( \"value\", ( new Date() ).getTime() );<\/script><\/p><div class=\"wpcf7-response-output\" aria-hidden=\"true\"><\/div><\/form><\/div><\/p>\n","protected":false},"excerpt":{"rendered":"<p>Se ofrecen talleres y cursos espec\u00edficos sobre distintas \u00e1reas del mundo del consumo tales como: \u00a0\u00bfCu\u00e1les son nuestros derechos como consumidores amparados por las Leyes? Consejos para reclamar: v\u00edas, plazos, respuestas, redacci\u00f3n de la reclamaci\u00f3n o queja y v\u00eda judicial. Productos\u00a0financieros b\u00e1sicos. La hipoteca, esa gran desconocida. Banca on line y compras on line. Tarjetas &hellip; <a href=\"http:\/\/fiarse.com\/?page_id=837\" class=\"more-link\">Sigue leyendo <span class=\"screen-reader-text\">Formaci\u00f3n<\/span><\/a><\/p>\n","protected":false},"author":1,"featured_media":908,"parent":0,"menu_order":0,"comment_status":"closed","ping_status":"closed","template":"","meta":{"jetpack_post_was_ever_published":false,"footnotes":""},"jetpack_sharing_enabled":true,"jetpack_shortlink":"https:\/\/wp.me\/P8pMEI-dv","_links":{"self":[{"href":"http:\/\/fiarse.com\/index.php?rest_route=\/wp\/v2\/pages\/837"}],"collection":[{"href":"http:\/\/fiarse.com\/index.php?rest_route=\/wp\/v2\/pages"}],"about":[{"href":"http:\/\/fiarse.com\/index.php?rest_route=\/wp\/v2\/types\/page"}],"author":[{"embeddable":true,"href":"http:\/\/fiarse.com\/index.php?rest_route=\/wp\/v2\/users\/1"}],"replies":[{"embeddable":true,"href":"http:\/\/fiarse.com\/index.php?rest_route=%2Fwp%2Fv2%2Fcomments&post=837"}],"version-history":[{"count":5,"href":"http:\/\/fiarse.com\/index.php?rest_route=\/wp\/v2\/pages\/837\/revisions"}],"predecessor-version":[{"id":882,"href":"http:\/\/fiarse.com\/index.php?rest_route=\/wp\/v2\/pages\/837\/revisions\/882"}],"wp:featuredmedia":[{"embeddable":true,"href":"http:\/\/fiarse.com\/index.php?rest_route=\/wp\/v2\/media\/908"}],"wp:attachment":[{"href":"http:\/\/fiarse.com\/index.php?rest_route=%2Fwp%2Fv2%2Fmedia&parent=837"}],"curies":[{"name":"wp","href":"https:\/\/api.w.org\/{rel}","templated":true}]}}