{"id":72,"date":"2016-01-26T18:50:19","date_gmt":"2016-01-26T18:50:19","guid":{"rendered":"https:\/\/fiarse.wordpress.com\/?page_id=72"},"modified":"2017-02-18T18:50:58","modified_gmt":"2017-02-18T17:50:58","slug":"dificultad-para-encontrar-asesoramiento","status":"publish","type":"page","link":"http:\/\/fiarse.com\/?page_id=72","title":{"rendered":"Dificultad para encontrar asesoramiento"},"content":{"rendered":"<div id=\"WRchTxt1g-71b\" class=\"s4\">\n<p class=\"font_7\">Las Oficinas municipales de informaci\u00f3n al consumidor (OMIC) no tienen competencia sobre temas financieros o bancarios, las Asociaciones de consumidores\u00a0reciben cientos, miles de consultas al d\u00eda y exigen una cuota asociativa o participativa que no todo consumidor est\u00e1 dispuesto a aceptar.<\/p>\n<p class=\"font_7\">Una de las ventajas de nuestros servicios es que no solamente son personalizados y exclusivos, entendiendo como exclusivo, que todo cliente ser\u00e1 tratado de forma individual y con absoluto celo profesional, sino que nuestros servicios est\u00e1n limitados a las necesidades de nuestros clientes, es decir, a la cuesti\u00f3n particular que sobre un determinado asunto se tenga y no conlleva ninguna obligaci\u00f3n a posteriori, ni el pago de una cuota anual, mensual o semestral.<\/p>\n<p class=\"font_7\"><img loading=\"lazy\" decoding=\"async\" class=\"alignnone size-medium wp-image-79\" src=\"http:\/\/fiarse.com\/wp-content\/uploads\/2016\/01\/dialog-148815_1280.png?w=300\" alt=\"dialog-148815_1280\" width=\"300\" height=\"213\" srcset=\"http:\/\/fiarse.com\/wp-content\/uploads\/2016\/01\/dialog-148815_1280.png 1280w, http:\/\/fiarse.com\/wp-content\/uploads\/2016\/01\/dialog-148815_1280-300x213.png 300w, http:\/\/fiarse.com\/wp-content\/uploads\/2016\/01\/dialog-148815_1280-768x546.png 768w, http:\/\/fiarse.com\/wp-content\/uploads\/2016\/01\/dialog-148815_1280-1024x728.png 1024w\" sizes=\"(max-width: 300px) 100vw, 300px\" \/><\/p>\n<\/div>\n","protected":false},"excerpt":{"rendered":"<p>Las Oficinas municipales de informaci\u00f3n al consumidor (OMIC) no tienen competencia sobre temas financieros o bancarios, las Asociaciones de consumidores\u00a0reciben cientos, miles de consultas al d\u00eda y exigen una cuota asociativa o participativa que no todo consumidor est\u00e1 dispuesto a aceptar. Una de las ventajas de nuestros servicios es que no solamente son personalizados y &hellip; <a href=\"http:\/\/fiarse.com\/?page_id=72\" class=\"more-link\">Sigue leyendo <span class=\"screen-reader-text\">Dificultad para encontrar asesoramiento<\/span><\/a><\/p>\n","protected":false},"author":1,"featured_media":0,"parent":0,"menu_order":0,"comment_status":"closed","ping_status":"closed","template":"","meta":{"jetpack_post_was_ever_published":false,"footnotes":""},"jetpack_sharing_enabled":true,"jetpack_shortlink":"https:\/\/wp.me\/P8pMEI-1a","_links":{"self":[{"href":"http:\/\/fiarse.com\/index.php?rest_route=\/wp\/v2\/pages\/72"}],"collection":[{"href":"http:\/\/fiarse.com\/index.php?rest_route=\/wp\/v2\/pages"}],"about":[{"href":"http:\/\/fiarse.com\/index.php?rest_route=\/wp\/v2\/types\/page"}],"author":[{"embeddable":true,"href":"http:\/\/fiarse.com\/index.php?rest_route=\/wp\/v2\/users\/1"}],"replies":[{"embeddable":true,"href":"http:\/\/fiarse.com\/index.php?rest_route=%2Fwp%2Fv2%2Fcomments&post=72"}],"version-history":[{"count":1,"href":"http:\/\/fiarse.com\/index.php?rest_route=\/wp\/v2\/pages\/72\/revisions"}],"predecessor-version":[{"id":792,"href":"http:\/\/fiarse.com\/index.php?rest_route=\/wp\/v2\/pages\/72\/revisions\/792"}],"wp:attachment":[{"href":"http:\/\/fiarse.com\/index.php?rest_route=%2Fwp%2Fv2%2Fmedia&parent=72"}],"curies":[{"name":"wp","href":"https:\/\/api.w.org\/{rel}","templated":true}]}}