{"id":57,"date":"2016-01-22T20:31:56","date_gmt":"2016-01-22T20:31:56","guid":{"rendered":"https:\/\/fiarse.wordpress.com\/?page_id=57"},"modified":"2016-01-22T20:31:56","modified_gmt":"2016-01-22T20:31:56","slug":"solucion","status":"publish","type":"page","link":"http:\/\/fiarse.com\/?page_id=57","title":{"rendered":"Soluci\u00f3n"},"content":{"rendered":"<div id=\"cn4hinlineContent\" class=\"s16inlineContent\">\n<div id=\"WRchTxtu-8oh\" class=\"s4\">\n<h6 class=\"font_6\"><\/h6>\n<p class=\"font_7\">Las dudas, consultas o problemas concretos que tengan nuestros clientes encontrar\u00e1n respuestas en FIARSE.<\/p>\n<p class=\"font_7\">Desde un punto de vista jur\u00eddico, pero a la vez, f\u00e1cilmente entendible y comprensible para las personas que carecen de conocimientos espec\u00edficos en temas financieros o aqu\u00e9llas que desconocen sus derechos en otros \u00e1mbitos del consumo.<\/p>\n<p class=\"font_7\">Les informaremos de las v\u00edas de reclamaci\u00f3n existentes o de las posibilidades de negociaci\u00f3n que tienen frente a las condiciones que su entidad financiera o empresa de suministros\u00a0les ofrece respecto a cualquier producto.<\/p>\n<\/div>\n<\/div>\n","protected":false},"excerpt":{"rendered":"<p>Las dudas, consultas o problemas concretos que tengan nuestros clientes encontrar\u00e1n respuestas en FIARSE. Desde un punto de vista jur\u00eddico, pero a la vez, f\u00e1cilmente entendible y comprensible para las personas que carecen de conocimientos espec\u00edficos en temas financieros o aqu\u00e9llas que desconocen sus derechos en otros \u00e1mbitos del consumo. Les informaremos de las v\u00edas &hellip; <a href=\"http:\/\/fiarse.com\/?page_id=57\" class=\"more-link\">Sigue leyendo <span class=\"screen-reader-text\">Soluci\u00f3n<\/span><\/a><\/p>\n","protected":false},"author":1,"featured_media":0,"parent":0,"menu_order":0,"comment_status":"closed","ping_status":"closed","template":"","meta":{"jetpack_post_was_ever_published":false,"footnotes":""},"jetpack_sharing_enabled":true,"jetpack_shortlink":"https:\/\/wp.me\/P8pMEI-V","_links":{"self":[{"href":"http:\/\/fiarse.com\/index.php?rest_route=\/wp\/v2\/pages\/57"}],"collection":[{"href":"http:\/\/fiarse.com\/index.php?rest_route=\/wp\/v2\/pages"}],"about":[{"href":"http:\/\/fiarse.com\/index.php?rest_route=\/wp\/v2\/types\/page"}],"author":[{"embeddable":true,"href":"http:\/\/fiarse.com\/index.php?rest_route=\/wp\/v2\/users\/1"}],"replies":[{"embeddable":true,"href":"http:\/\/fiarse.com\/index.php?rest_route=%2Fwp%2Fv2%2Fcomments&post=57"}],"version-history":[{"count":0,"href":"http:\/\/fiarse.com\/index.php?rest_route=\/wp\/v2\/pages\/57\/revisions"}],"wp:attachment":[{"href":"http:\/\/fiarse.com\/index.php?rest_route=%2Fwp%2Fv2%2Fmedia&parent=57"}],"curies":[{"name":"wp","href":"https:\/\/api.w.org\/{rel}","templated":true}]}}